nd derivative of c**4/12 + 13*c**3/3 + 69*c**2/2 + 13*c. Let t be f(-23). Give o(t).
0
Let g(h) = -4 - 5 - 3*h - 5 + 13. Let j(c) = c**3 + 6*c**2 - c - 4. Let o be j(-6). Calculate g(o).
-7
Let d(r) be the first derivative of r**6/180 - r**4/24 + 5*r**3/3 + 8. Let m(p) be the third derivative of d(p). What is m(-2)?
7
Let c(k) be the third derivative of -k**5/30 + k**4/12 + 13*k**3/6 + 62*k**2 + 4. Give c(4).
-11
Let f(n) = -4*n + 98. Let c be f(24). Let t(k) = k**3 + 15*k - 91*k**2 + 8 - c + 80*k**2 - 6*k. Calculate t(10).
-4
Let i(h) = h**2 + 10*h + 6. Let r(f) = 7*f - 2. Let z be r(1). Suppose 3*o + 24 = -c + z*c, -5*c + 3 = 3*o. Calculate i(o).
-18
Let y = -1197 - -1189. Let a(s) = -s**2 - 5*s. Calculate a(y).
-24
Let w(c) be the third derivative of c**4/8 - c**3/2 + 6*c**2. Calculate w(3).
6
Let z(x) be the first derivative of -x**4/4 + 8*x**3/3 - 5*x**2 + 8*x - 1. Suppose 854*j - 36 = 848*j. Calculate z(j).
20
Let i(a) be the third derivative of -a**4/24 - 2*a**3/3 + a**2. Let z be 0*1/(-3)*(-8 - -9). Give i(z).
-4
Let b(a) = a**2 - 2*a + 4. Let m(y) = 13*y + 29. Let r be m(-2). Give b(r).
7
Let s(x) be the third derivative of -1/3*x**3 + 0 - 1/30*x**5 + 0*x - 1/24*x**4 + 1/360*x**6 - 4*x**2. Let y(r) be the first derivative of s(r). Determine y(4).
-1
Suppose -3*h - 45 + 18 = 0. Let l = h + 17. Suppose 5*z - 3 = -l. Let n(d) = d + 1. Calculate n(z).
0
Let f = 258 + -261. Let g(a) = -a**3 - 3*a**2 - 4*a - 8. Give g(f).
4
Let y(l) = -l**2 - 3*l + 8. Let i(m) = -5*m**2 - 12*m + 35. Let r(c) = -2*i(c) + 9*y(c). Suppose 0 = 5*g + q - 13, -3*g + 5 = -0*g + 2*q. Calculate r(g).
2
Suppose -x = -3 + 9. Let c(z) = -8*z - 9. What is c(x)?
39
Let x(p) be the first derivative of -p**3/3 - 5*p**2/2 + 7*p - 3. Let t(d) = 2*d**2 + 27*d + 30. Let u be t(-12). Determine x(u).
1
Suppose -4*g - 3 = -3*f + 18, -5*g = 2*f + 55. Let m(j) = j**2 + 9*j - 6. What is m(g)?
-6
Let f = 75 - 72. Let h(d) = -3 + 3 + 2 - 4*d + 1. What is h(f)?
-9
Let w be 8/44 + 106/22. Suppose w*v = o + 4, -v - 5*o - 20 = v. Let a(b) = 11 + 10 - 3*b - 10 + 2*b. What is a(v)?
11
Let z(d) = -d**3 + 2*d**2 - 3*d. Let m be (-1)/(-2) - (-270)/108. Calculate z(m).
-18
Suppose 4*d + 26 = -j, 5*j + 0*d + 40 = -2*d. Let q(n) be the second derivative of -n**5/20 - n**4/2 + n**3/6 - n**2/2 - 242*n. What is q(j)?
-7
Let r(o) = -2*o**3 + o**2 - 3*o + 5. Let a(j) = j**3 - j**2 + 3*j - 4. Let v(u) = 3*a(u) + 2*r(u). What is v(2)?
-8
Let f(o) = -2*o**2 + 1. Let a(q) = -9*q**2 + q + 2. Let n(t) = -a(t) + 4*f(t). Give n(0).
2
Suppose m = 4*d + 1, 801*m = 3*d + 798*m + 12. Let y(z) = -14*z**2 + 2*z. Let s(h) = -7*h**2 + h. Let r(b) = -13*s(b) + 6*y(b). Give r(d).
6
Let i(m) = -m - 1. Let f(b) = -24*b + 18. Let s(n) = -f(n) - 18*i(n). Calculate s(1).
42
Let q(w) = -119*w**2 + 56*w**2 + 62*w**2 + 16 - 12 + w. Suppose 14 = -5*a + 4*t - t, -14 = 2*a + 3*t. Give q(a).
-16
Let n = -11 + 16. Let m(y) = 0 + 6*y**2 - y**3 - 588*y + 585*y - 7. Determine m(n).
3
Let r(q) be the second derivative of -q**3/2 - 11*q**2/2 + 177*q. What is r(5)?
-26
Let g(l) = -19*l**2 + 0*l**3 - l**3 + 10 + 18*l + 2*l**3 - 8. Calculate g(18).
2
Let s(k) be the first derivative of 1/2*k**2 - k - 5. Suppose 0 = -2*v - v + 3. Determine s(v).
0
Let a be 1*((-1148)/(-168) - (-2)/12). Let l(u) = -u**3 + 9*u**2 - 9*u + 10. What is l(a)?
45
Let m(u) be the first derivative of u**3/3 - 4*u**2 - 19*u - 112. Calculate m(10).
1
Let f(n) be the third derivative of -n**5/20 - n**4/12 - 4*n**2 + 1. Give f(2).
-16
Let q(c) = 1 - 2 - 4*c + 0. Let d be ((-9)/((-27)/6))/(-2). Determine q(d).
3
Suppose -r + 6*r - 35 = 0. Suppose 5*g - 3 = r. Suppose g*i + 3 + 5 = -2*f, 0 = -5*i - 4*f - 19. Let z(p) = -p**2 - 3*p. What is z(i)?
0
Suppose -3*i + 0 = 4*j + 1, j + 24 = 4*i. Suppose 0 = 5*o - i. Let v(m) = -1 - 3 - o + 2 + 3*m - m**2. Calculate v(5).
-13
Let t(o) = o - 9. Let c(g) = g**3 + 8*g**2 - 2*g + 5. Let f be c(-8). Let h(z) = -z**2 + 7*z + 2. Let r be h(4). Let y = f - r. Determine t(y).
-2
Suppose 5*o = 3 + 7. Suppose 2*l + o*l + 16 = -y, 5*y - l - 25 = 0. Let d(v) be the third derivative of -v**5/60 + v**4/8 - v**3/2 + 3*v**2. What is d(y)?
-7
Let t(x) be the first derivative of x**3/3 - x**2 - 13*x - 22. Let f be t(5). Let d(h) = h**3 - 2*h**2 + 2*h. Give d(f).
4
Let z(f) = -3 - 149*f + 2 + 147*f. Give z(3).
-7
Let y(g) be the second derivative of g**4/12 - g**3/3 + g**2 + 575*g. Determine y(0).
2
Let y(z) be the third derivative of z**5/60 + 5*z**4/12 - 4*z**3 + 124*z**2. Determine y(-12).
0
Let p(k) = k**2 + 6*k + 2. Let h be (10/8)/(9/144). Let l = h + -24. Determine p(l).
-6
Let u(a) = -4*a**3 - 6 - 3*a**3 + 19*a**3 - 6 - 11*a**3 + 13*a**2. What is u(-13)?
-12
Let a(v) = -v**3 - 4*v**2 - v - 2. Let s(f) = -f**3 - 34*f**2 - 94*f - 35. Let y be s(-31). Give a(y).
2
Let t(a) be the first derivative of -a**4/4 + 5*a**3/3 - 5*a**2/2 + a + 1. Calculate t(4).
-3
Suppose 0 = 4*p - 2 - 14. Suppose -2*a + 3*a = 0. Let j(g) = -3*g**2 + g + a*g**2 + 5*g**2 - 7*g. What is j(p)?
8
Suppose 6*n = 2*q + 9*n + 11, 5*n = 2*q - 29. Let h(s) = -s**3 - 8 - 6*s**q + 10 + s**2. Let l(f) = f**3 - 2. Let i be l(0). What is h(i)?
-10
Let l(f) = -f**3 - 3*f**2 - f - 2. Suppose -12*w + 21*w + 36 = 0. Calculate l(w).
18
Let t(o) = o - 11. Let m be 13/(-6)*(-19 + 13). Calculate t(m).
2
Let o(j) = j - 3 + 11 + 2 - 5*j**2. Let g = -218 - -212. Let m(l) = 6*l**2 - 11. Let d(y) = g*m(y) - 7*o(y). What is d(-3)?
8
Let j(z) = -z**2 + 2*z - 3*z - 5*z**2. Let l(a) = -a**3 + 6*a**2 + 14*a - 50. Let p be l(7). Give j(p).
-5
Suppose 115*w = 103*w + 48. Let q(a) be the third derivative of 7*a**2 - 1/60*a**5 + 0*a + 2/3*a**3 + 0 + 5/24*a**w. Calculate q(5).
4
Let p(t) = 2*t**2 + 5*t + 2. Let i be p(-3). Let g(a) = 2 + i*a - 2. Let j be g(1). Let f(r) = -r**3 + 6*r**2 - 5*r + 6. Give f(j).
6
Let p(v) = -v**3 - 4*v**2 - v + 1. Let o = -91 - -83. Let g(j) = -j - 10. Let q be g(o). Give p(q).
-5
Let v be 5/(-4) - ((-155)/(-20) + -3). Let r(a) = 13*a + 19. Let q = 6 + 0. Let o(j) = -7*j - 10. Let s(t) = q*r(t) + 11*o(t). What is s(v)?
-2
Suppose -146*w + 151*w = 55. Let b(t) = -t**3 + 10*t**2 + 11*t + 5. Calculate b(w).
5
Let q(a) = -14*a + 1. Let z = -528 + 529. Calculate q(z).
-13
Let g(x) = -x - 4*x**2 - 11*x**2 - 9 + 7 + 14*x**2. Determine g(-4).
-14
Let o(b) = -44*b + 475. Let y be o(11). Let k(x) = x**3 + 8*x**2 - 13*x - 31. Calculate k(y).
5
Suppose 5*b + 5 = 2*x, -5*x - b = -4*x + 1. Let c(h) = 2*h**2 + 2*h + 1. Calculate c(x).
1
Let y(q) = -q**3 - 5*q**2 - q + 6. Let l(p) = p**2 + 2*p - 4. Let o(w) = 3*w**2 + 4*w - 9. Let g(f) = 7*l(f) - 3*o(f). Let v be g(2). Determine y(v).
11
Let n(x) = x**2 + 21*x + 10. Let c be n(-20). Let o(t) = t + 9. Determine o(c).
-1
Let d(n) = -n - 13. Suppose -32*h - 180 = -84. Determine d(h).
-10
Let k be (-2)/((-6)/(-9)) - (-24)/4. Let d(i) = -i**3 - 7*i - 3 + i + 4*i**2 + 0*i + 2*i**k. Give d(-5).
2
Suppose 1849*c - 21 = 1846*c. Let x(p) = p**3 - 6*p**2 - 8*p + 5. Give x(c).
-2
Let q(i) be the third derivative of -i**5/15 + i**4/24 - i**3/6 + 18*i**2. Let f(j) = 3*j**2 - 2*j + 1. Let w(r) = -3*f(r) - 2*q(r). Calculate w(5).
-6
Let z(q) = q**3 - 11*q**2 + 8*q + 8. Let p(h) = 2*h**2 - 30*h - 58. Let j be p(-2). Determine z(j).
-12
Let h(s) = s**2 + 9*s + 6. Let k = 35 + -51. Let d = -22 - k. Give h(d).
-12
Let v(f) = -8 - 24*f - 27*f + 54*f. Calculate v(5).
7
Let c(n) be the first derivative of n**3/3 + 4*n**2 - 13*n + 70. What is c(-10)?
7
Let q = 77 - 68. Let u(o) = -o**3 + 10*o**2 - 11*o + 15. What is u(q)?
-3
Let s(h) = -h + 1. Let k(b) be the second derivative of b**3/6 - 3*b**2/2 - 24*b. Let q(m) = 4*k(m) + 5*s(m). Determine q(-5).
-2
Let c(n) = 3*n + 7. Let l(y) = -6*y - 14. Let t be (-15)/(-2)*2/3. Let r(h) = t*c(h) + 3*l(h). Suppose -29 = 5*d - u, 4*u = 3*d + 2 + 29. Determine r(d).
8
Suppose -4*b = -3*w - 2*b + 7, w - 2*b + 3 = 0. Let v(p) = 750 - 2*p + p**2 - 748 - 2*p. What is v(w)?
7
Let n(g) = 2*g - 1. Let f(k) = k**3 - 10*k**2 - 7*k - 8. Let i be f(11). Let l = 35 - i. Give n(l).
-3
Let g(n) = -n**2 + 4. Let i(u) = -u - u + 9 + u. Let s be i(7). Let m be -6*(-2)/2 - s. Calculate g(m).
-12
Suppose -19 = 14*d + 23. Let o(n) = -2*n**2 - 4*n - 6. Let g(f) = f**2 + 2*f + 3. Let x = 12 - 5. Let v(m) = x*g(m) + 4*o(m). What is v(d)?
-6
Let 